 r and d.
32
Let d(g) be the third derivative of -g**5/60 - 5*g**4/24 + 5*g**3/6 + g**2. Let s be d(-7). Let b = 2 - s. Calculate the highest common divisor of b and 22.
11
Let i = 38 - 32. What is the highest common divisor of 12 and i?
6
Suppose 2*a - 10 = 2. Suppose a*q = q. Suppose -3*h + 32 = k, q*k + h = -k + 28. Calculate the greatest common divisor of 65 and k.
13
Let a be 118/8 - (-9)/(-12). Calculate the highest common factor of a and 154.
14
Let j be 0 + 29*(-20 + 1). Let o be 5 - ((-3 - -1) + 2). Let i be (-1)/o - j/5. Calculate the highest common divisor of i and 10.
10
Let o(b) = b + 2. Let f be o(3). What is the highest common divisor of f and 40?
5
Suppose -4*k - 20 = 0, 5*x - 10 = 4*x + k. Let s(o) = -o**3 + 6*o**2 - 6*o + 7. Let w be s(x). What is the greatest common divisor of 3 and w?
1
Let t = 11 - 2. Suppose 0 = 3*a + 2*r - 35 + t, 0 = -3*a + 5*r + 61. Calculate the greatest common divisor of a and 3.
3
Let j(i) = i**3 + 4*i**2 + 3*i + 2. Let f be j(-3). Calculate the greatest common factor of 18 and f.
2
Suppose -4*h = 57 + 27. Let w = 73 + h. Calculate the highest common divisor of 13 and w.
13
Let q be (-1)/2*(3 + -23). What is the highest common factor of q and 110?
10
Suppose 0*s - 48 = -4*s. Suppose -5*p + 13 = -s. What is the greatest common factor of 35 and p?
5
Let o = -88 + 286. Calculate the highest common factor of 18 and o.
18
Let v(b) = -b**3 + 3*b**2 + 3*b - 12. Let u be v(6). Let r = u - -192. Let l(n) = 2*n**2 + 2. Let q be l(2). What is the highest common factor of q and r?
10
Let g = -14 + 28. Suppose 2*o - 116 = 4*l + 20, 5*l - 145 = -2*o. Calculate the greatest common divisor of o and g.
14
Suppose -3*v + v + 8 = 0. Let g(k) = k + 9. Let w = 4 - 9. Let i be g(w). What is the highest common factor of v and i?
4
Suppose 0 = -5*k + l + 24, -2*k - 5*l - 2 = 10. What is the highest common divisor of k and 128?
4
Suppose 3*i = 2*i - 2. Let m be i/(315/318 + -1). Suppose 0 = 3*q + 2*q + 4*a - m, -38 = -q - 3*a. What is the greatest common factor of q and 4?
4
Suppose w = -4*a + 50, 4*a + 2*w + 8 = 60. Calculate the greatest common divisor of 6 and a.
6
Let m = -81 - -116. Calculate the highest common factor of m and 315.
35
Let i be (-1*(1 + -1))/1. Suppose a + 1 + 3 = i. Let x be ((-22)/(-4))/((-2)/a). Calculate the highest common divisor of 22 and x.
11
Let y = 56 + -14. Calculate the greatest common divisor of 30 and y.
6
Let p be 6 + (1 - -1) + -3. Suppose 3*b + 0*b + p*o - 204 = 0, 2*b - 2*o - 136 = 0. Calculate the greatest common divisor of 34 and b.
34
Suppose 2*j - 4*a - a + 289 = 0, 3*j + 421 = 5*a. Let d = -77 - j. Suppose -3*i + 2*s + 35 = 0, -i - 2*s + 3 = -6. What is the highest common factor of i and d?
11
Suppose -2*q = 0, 6*x - 2*x + 4*q - 64 = 0. What is the greatest common divisor of x and 8?
8
Suppose -12 = 3*t - 3*m, 3*t - m = -t - 13. Let f be (-12)/18 - 26/t. Let y = f + -6. Calculate the highest common factor of 1 and y.
1
Suppose -4*t + 1 + 7 = 0. Let i(u) = u**2 + 2. Let c be i(t). What is the highest common divisor of c and 6?
6
Suppose -2*v + 559 = v - 2*l, 1 = l. Let d(g) = 2*g**2 - 1 + 3 + 0*g**2 - 7*g. Let s be d(5). What is the highest common divisor of v and s?
17
Suppose 4*w = 6*w + 4*s - 1152, 0 = -4*s - 4. Let d = w - 391. Let a(k) = 3*k - 4. Let q be a(7). What is the highest common factor of d and q?
17
Let c be 3/(-2) - (-84)/8. Calculate the highest common divisor of 9 and c.
9
Suppose -2*v + 0 + 16 = 4*h, 5*v + 4*h = 52. Let i be 95/3 + 4/v. What is the highest common divisor of i and 8?
8
Suppose -2 = -5*z + 68. Calculate the highest common factor of 28 and z.
14
Suppose 8*m = 14*m - 702. What is the greatest common divisor of m and 9?
9
Suppose 0 = x - 18 + 5. Let d(w) = -w**2 + 14*w + 9. Let q be d(x). Calculate the greatest common factor of q and 33.
11
Let y(w) = -w**3 + 7*w**2 - 6*w + 1. Let l be y(6). Calculate the highest common factor of 3 and l.
1
Let o(g) = -5*g**3 - 2*g**2 - 2*g - 1. Let a be o(-1). Suppose a*c = -2*t - 4, -21 + 5 = 4*c + 5*t. Calculate the greatest common divisor of 7 and c.
1
Let l(y) = -y**3 + y**2 + 3*y + 2. Suppose -3*f = -4*j - 2, -3*f = -5*j + f - 2. Let k be l(j). What is the highest common divisor of 20 and k?
4
Let k be 826/105 - 4/(-30). What is the greatest common factor of k and 40?
8
Suppose 0 = 2*a + 2 - 10. Suppose a*b - 8 = 3*b. What is the greatest common divisor of 64 and b?
8
Let o(f) = -2*f**2 + 3*f**2 + 1 + 3*f**3 + f**3 + 5*f**3 + 2*f. Let z be o(-1). Let b be 1986/9 - (-6)/z. What is the greatest common factor of 20 and b?
20
Let y be 3 + (0 - (-1 + 0)). Suppose h + i = 3, 0*h = y*h + i - 9. Let v = -14 - -36. What is the greatest common factor of v and h?
2
Let l = -33 + 114. Let n(w) = -5*w. Let s be n(2). Let f = 19 + s. What is the greatest common factor of l and f?
9
Suppose 0 = u - 2*w - 86, 5*u = 5*w - 0*w + 415. Calculate the greatest common factor of u and 16.
16
Let w be (18/6)/((-6)/(-4)). Suppose -w*c = -60 + 6. What is the highest common divisor of 3 and c?
3
Suppose 3*r - 8*r = -70. Calculate the greatest common divisor of r and 21.
7
Suppose -1125 = -7*x - 250. What is the greatest common divisor of 25 and x?
25
Let j be (-6)/45*-9*-115. Let s = 338 + j. Suppose 3*w + 2*w = s. What is the greatest common divisor of 10 and w?
10
Let m = 32 + -2. Let x(b) = b**2 - 2*b - 18. Let v be x(6). Calculate the highest common factor of m and v.
6
Let d be (-59)/(-1) + -1 + 0. Calculate the highest common divisor of d and 29.
29
Let b be 12/9 - 2/6. Let s(k) = 1 - 5 + k**2 - 7*k - 3. Let w be s(8). What is the greatest common divisor of w and b?
1
Let f(m) = -30*m. Let s be f(-1). Let q be (-21)/(-3) - (-1)/(-2)*2. Calculate the highest common factor of s and q.
6
Let y(w) = -w**2 - 6*w + 9. Let p be y(-7). Let c be (-14)/(-10) + p/(-5). Let n be (-3)/(-12) + (-6)/(-8). What is the greatest common factor of c and n?
1
Let r be (-4)/10*-1*40. Let f be (-230)/(-15) + (-2)/6. Let q = -11 + f. Calculate the highest common factor of q and r.
4
Let x(g) = -9*g + 12. Let c be x(-7). Let w = 27 - -3. Calculate the greatest common divisor of w and c.
15
Suppose 5*w = 55 + 30. Let p(s) = 0*s**2 + 2*s + 9 - 7*s**2 + 11*s**2. Let u be p(5). What is the greatest common divisor of u and w?
17
Let y(d) = -d**2 - 15*d - 11. Let u be 1/2 + (-243)/18. Let o be y(u). What is the highest common divisor of 75 and o?
15
Let u = 52 + -39. Calculate the highest common divisor of u and 117.
13
Let g = 6 - 4. Calculate the greatest common divisor of g and 34.
2
Let z be 2/6*(-1 - 32/(-2)). Calculate the greatest common factor of 80 and z.
5
Let a = 6 - 9. Let p(n) = 2 + 0 - 6*n + n. Let x be p(a). What is the highest common divisor of x and 17?
17
Let d = 3 + 3. Let b(w) = w**3 - 5*w**2 - 7*w + 13. Let s be b(d). What is the greatest common factor of s and 35?
7
Let c = 3 - 3. Suppose -b + 3*t = 10, 0*t = 5*b - t - 6. Suppose -8*g + 53 = -3*g + b*a, g - 2*a - 13 = c. Calculate the greatest common divisor of g and 11.
11
Let p = 0 + -6. Let t(v) = -v - 9. Let j be t(p). Let f(b) = 3*b**2 + 4*b. Let u be f(j). Calculate the greatest common divisor of u and 75.
15
Let z = 7 + 2. Let o = 30 - z. What is the highest common divisor of o and 210?
21
Let w = -5 + 9. Let b = 3 + 6. Let y = 17 - b. What is the highest common divisor of w and y?
4
Let p be (-1 + -1)*(-26)/4. Suppose 0 = n + 3*n - 156. Calculate the highest common divisor of p and n.
13
Let q = -304 + 172. Let k be 1/(-2)*q/6. Suppose 5*o + 3*w + 2*w = 290, 4*w = -3*o + 177. Calculate the highest common divisor of k and o.
11
Suppose 4*s + 3*s = 35. Suppose -i + 25 = 4*i. What is the highest common divisor of s and i?
5
Let b = 56 + -49. Calculate the greatest common factor of b and 7.
7
Suppose -t - 2*t = 6. Let k be (-66 + 0)/(t/9). What is the greatest common divisor of 27 and k?
27
Let b = -162 + 192. Calculate the highest common divisor of 20 and b.
10
Let j be 835/(-9) + 4/(-18). Let o = j - -141. Let l be (4 + 24/(-10))/(3/30). Calculate the highest common divisor of l and o.
16
Suppose -i = u - 61, 2*i + 5*u - 80 = 27. Let h = i - 46. Calculate the highest common factor of h and 60.
20
Suppose 0*t - 792 = -3*t. What is the greatest common factor of t and 24?
24
Suppose 4